 is divided by 21?
20
Let q(w) = w**2 + 4 + 10 + 1 - 5. Let n = -1 - -1. What is the remainder when 19 is divided by q(n)?
9
Suppose 3*k + 278 = 3*f - 376, -f = k - 214. Let p = f - 92. What is the remainder when p is divided by 21?
19
Let h be ((-185)/(-4))/5*4. Suppose -2*u + 96 = -v, 4*u - v - 229 = -h. What is the remainder when u is divided by (-5 - 204/(-11)) + 150/(-275)?
9
Let k(h) = h + 9. Let m be k(-7). Suppose -2*r = 2*v - 32, -v + 2*v + m*r = 13. Let y(n) = 3*n**2 - 3*n + 1. Calculate the remainder when v is divided by y(2).
5
Let b = -12 - -43. Let f = -13 + 14. What is the remainder when b is divided by f/((-4)/(-6) + 93/(-153))?
14
Let z = -145 + 226. Suppose -6 - 9 = 5*h. Calculate the remainder when z is divided by (-5 - (13 - 4))*h/2.
18
Calculate the remainder when 226 is divided by 6 - 2 - (-2 - 13).
17
Let f = -12 + 3. Suppose 13*j - 279 = 410. What is the remainder when j is divided by (f/2)/(4/(-16))?
17
Let g(y) = y**3 - 2*y**2 + 3*y - 7. Let v(p) = -p. Let h be v(-4). Suppose -47 = -2*f - 21. What is the remainder when g(h) is divided by f?
11
Suppose -h = 5*w - 18, -5*w + h = -0*h - 12. What is the remainder when 7 - (3 + 1)/4 is divided by w?
0
Suppose -2*i + 4 = f + f, -4*f = -2*i + 22. Let k(y) = y**2 - y - 3. What is the remainder when 35 is divided by k(f)?
8
Let a(d) = -13. Let n(i) = i - 52. Let f(j) = 26*a(j) - 6*n(j). Calculate the remainder when f(-6) is divided by 1 + 2 + 0 - -1.
2
Suppose 94*z - 96*z + 109 = -3*p, 3*z = -3*p + 141. Suppose 3*r + 2*k - 64 = 0, -4*k = -3*r - 3*k + 58. Calculate the remainder when z is divided by r.
10
Suppose 3*x - 282 = -3*g, -x - 4*g = -0*x - 109. What is the remainder when x/4 - 1/(-4)*3 is divided by 14?
9
Let k(o) = -5*o**3 + 15*o**2 + 33*o - 1. Calculate the remainder when 1187 is divided by k(-2).
32
Let l(i) = i**3 - 11*i**2 + 13*i - 11. What is the remainder when 23 is divided by l(10)?
4
Suppose -13*k + 16*k = f - 39, 0 = 5*k + 25. What is the remainder when 141 is divided by f?
21
Let y(g) = -11*g**2 - 132*g - 4. Calculate the remainder when y(-11) is divided by 30.
27
Let s(r) = 6*r**3 + 2*r + 3. What is the remainder when s(3) is divided by 25?
21
Let i be 2*(-12)/8 - -60. Let f = i + -41. What is the remainder when 79 is divided by f?
15
Let w(f) = f**3 - 6*f**2 + 11*f - 35. Calculate the remainder when 73 is divided by w(6).
11
Let o(p) = 16*p + p**2 + 17*p - 29*p + 17. What is the remainder when o(-10) is divided by 20?
17
Calculate the remainder when -2*5/5 + (6 - -35) is divided by 26.
13
Suppose 14*w + q = 12*w + 54, -4*w + q + 108 = 0. Let y(p) = p**2 - p - 3. Calculate the remainder when y(-7) is divided by w.
26
Suppose -4*u + o = -24, -4*o = 3*u - 32 - 5. What is the remainder when (44 - 47)/(1*1/(-1))*9 is divided by u?
6
Let s(p) = -4*p - 3. Let l(u) = -21*u - 16. Let g(m) = 4*l(m) - 22*s(m). Let a be g(2). Suppose 3*c = a - 1. Calculate the remainder when c is divided by 2.
1
Suppose -3*l + 0 = 3*u + 6, -2*l - 10 = 0. Suppose -u*s - 35 = -2*q, q = -2*q + 3*s + 51. What is the remainder when 45 is divided by q?
13
Suppose -2*r + 25 - 5 = 0. Suppose 0 = m - k - 2, 0 = -3*m + 2*k + 13 - 5. Suppose 0*t + 76 = m*t. What is the remainder when t is divided by r?
9
Calculate the remainder when 89 is divided by 1/(-5*(-8)/920).
20
Let n = 113 + -103. What is the remainder when n is divided by 7?
3
Let h(t) = 2 + 2 - 2*t + 31. What is the remainder when h(6) is divided by 7?
2
Let l(b) = -57*b**2 - 10*b - 6. Let w(y) = -y**2 + 2*y + 1. Let a(d) = -l(d) - 6*w(d). What is the remainder when a(-1) is divided by 34?
31
Suppose -4*r - r = -r. Suppose 2*g - 4 = r, 5*x + 4*g - 53 - 35 = 0. Calculate the remainder when 29 is divided by x.
13
Let u = 147 - 53. Suppose -4*b + 2 = -u. What is the remainder when 70 is divided by b?
22
Calculate the remainder when 440 is divided by (-24)/84 + -501*10/(-42).
83
Let k(m) = 93*m**3 + 2*m**2 + 2*m - 1. Calculate the remainder when k(1) is divided by 29.
9
Let q = -60 - -57. Calculate the remainder when -3*(1 - (-49)/q) is divided by 17.
12
Let u(n) = n - 3. Let i be u(-6). Let l be i/(-3)*-4 + 1. Calculate the remainder when 54 is divided by (-156)/l + 2/(-11).
12
Suppose 0 = -3*x + 3*c - 4*c + 378, 5*x + 2*c - 631 = 0. What is the remainder when x is divided by 40?
5
Let y(f) = f - 10. Let d be y(10). Suppose d = 2*n - 61 - 19. Calculate the remainder when n is divided by 11.
7
Let l(h) = -h**2 - 133*h - 2681. What is the remainder when l(-25) is divided by -3*2/(-4)*4?
1
Let u = -67 + 166. Let v = u - 64. What is the remainder when 139 is divided by v?
34
Let j(z) = -z**3 - 16*z**2 + 20. Let t be j(-16). Calculate the remainder when ((-2)/(-4))/(t/2160) is divided by 11.
10
Let p = 246 - 132. Suppose -3*r + 33 = -p. Calculate the remainder when r is divided by 33/2 - (-1)/2.
15
Suppose -3*u = -4*u - 1. Let n be u/((-20)/8 + 3). Calculate the remainder when (1 - 27)/(n/4) is divided by 18.
16
Suppose -115*b + 667 = -86*b. What is the remainder when 56 is divided by b?
10
Let n(y) = -y**3 - 7*y**2 + 6*y - 12. What is the remainder when n(-9) is divided by 49?
47
Calculate the remainder when 81/(-135) + 696/10 is divided by 56.
13
Suppose 31*n = 130 - 6. Calculate the remainder when n is divided by 2/(2 + -1) + 0.
0
Let p = 122 + -44. Calculate the remainder when 306 is divided by p.
72
Suppose -6 - 2 = 2*n. Calculate the remainder when 1*(-6)/n*8 is divided by 4 + -6 - (-1 - 5).
0
Let c = -90 + 131. Let w(k) = k - 6. Let o be w(0). Let y(z) = z**3 + 7*z**2 + 4*z + 2. Calculate the remainder when c is divided by y(o).
13
Let i be (-1)/(4 + (-180)/44). Suppose -3*d - 2*n + i = -7*n, 0 = d - n - 7. Suppose x - d = 19. Calculate the remainder when x is divided by 16.
15
Let o(y) = y**3 + 8*y**2 - 4*y + 8. Let w = 71 + -50. Calculate the remainder when o(-6) is divided by w.
20
Let n = 43 + -28. Suppose 0*i - 5*a = 2*i - 332, -3*a - 144 = -i. Let r = -148 + i. What is the remainder when n is divided by r?
7
Let q = 1607 - 1478. Calculate the remainder when q is divided by 34.
27
Let w be 4 + (2 - 3*-2). Suppose -w*c - 17 = -11*c. Let u = -1 - c. What is the remainder when u is divided by 5?
1
Let p = -1609 + 1728. What is the remainder when p is divided by 115?
4
Let g = -578 + 770. Let h = 118 + -79. Calculate the remainder when g is divided by h.
36
Let p(z) = 86*z - 85*z - 7*z**3 - 6*z**2 + 5 + 5*z**3. Calculate the remainder when 162 is divided by p(-4).
30
Let g be (0 - (-4 - -3))*48. Suppose -3*r + g = -o, -4*r + 3*o = o - 64. Calculate the remainder when 0 + (-3)/(6/(-94)) is divided by r.
15
Let d(u) = 0*u + 0*u + u + 6 + 0*u. Let n = -9 - -16. Calculate the remainder when 22 is divided by d(n).
9
What is the remainder when 3*9/((-108)/(-1484)) is divided by 6?
5
Suppose 64*k + 750 = 79*k. Calculate the remainder when k is divided by 17.
16
Let h = 13 + -7. Let r = 95 - 91. Suppose 4*w + 68 = r*t, -3*t + 0*w = 4*w - 44. Calculate the remainder when t is divided by h.
4
Let w(o) = o**2 + 9*o - 12. Let r be w(-11). Suppose 0 = -r*n - 324 + 1144. Calculate the remainder when n is divided by 17.
14
Suppose -4*w - 89 = -469. Suppose 0 = -2*s - k + 39, 0 = s - 2*k - 17 - 5. What is the remainder when w is divided by s?
15
Suppose -i = -16 - 2. Calculate the remainder when i is divided by 11*(-41)/(-902)*(26 + -2).
6
Let h(g) = -5*g + 110. Let p(q) = -4*q + 5. Let m(r) = -8*r + 10. Let o(v) = 2*m(v) - 5*p(v). Calculate the remainder when o(6) is divided by h(20).
9
What is the remainder when -3*((-28)/(-3))/(-2) is divided by ((-12)/(-36))/((-1)/(-15))?
4
Let j(u) = 3 - 2*u - 16 + 7 + u. Calculate the remainder when 12 is divided by j(-9).
0
Let q = 124 + -189. Let k = q + 108. What is the remainder when 85 is divided by k?
42
Suppose 0 = -14*p + 502 + 30. What is the remainder when p is divided by 13?
12
Let r(c) = -194*c - 1089. Let f(n) = -n**3 + 8*n**2 - 6*n - 7. What is the remainder when r(-6) is divided by f(5)?
37
Let m = -27 - 74. Let o = m - -456. Suppose -2*i = -4*w - 125 + o, -174 = -3*w + 3*i. What is the remainder when w is divided by 15?
12
Suppose -5*k - 20 = 7*y - 2*y, 0 = 4*k - 3*y + 30. Let i = k - 38. Let g = -16 - i. What is the remainder when 82 is divided by g?
26
Let b = 63 + -38. Suppose 0 = -5*l - 